-393
8c0d (base 14) to base 4
11323331
Convert -35741 (base 10) to base 2.
-1000101110011101
Convert -2b80 (base 12) to base 8.
-12020
Convert -16216 (base 8) to base 2.
-1110010001110
What is -11477 (base 8) in base 10?
-4927
What is 1214 (base 9) in base 4?
32020
Convert -555 (base 6) to base 7.
-425
Convert 100011022 (base 3) to base 4.
1220111
What is 2507 (base 12) in base 16?
1057
What is 10011111011000101 (base 2) in base 4?
103323011
-45 (base 11) to base 8
-61
Convert 1313 (base 8) to base 11.
5a0
2344 (base 6) to base 3
210001
Convert -4333 (base 10) to base 15.
-143d
What is 133321 (base 6) in base 9?
18044
46123 (base 7) to base 4
2313100
Convert 130 (base 12) to base 13.
10b
What is -202100 (base 3) in base 4?
-20211
Convert 10100001101100 (base 2) to base 7.
42112
What is -30320 (base 10) in base 5?
-1432240
1937 (base 15) to base 13
2635
5423 (base 11) to base 9
10740
1727 (base 8) to base 10
983
What is 21200 (base 3) in base 10?
207
3401 (base 6) to base 4
30121
What is d8 (base 15) in base 3?
21112
Convert -262521 (base 7) to base 5.
-3031331
-525 (base 7) to base 13
-174
-883b (base 14) to base 3
-1012100002
408 (base 10) to base 4
12120
Convert 62401 (base 7) to base 6.
154441
What is 154 (base 15) in base 5?
2204
Convert 2c2 (base 14) to base 7.
1432
What is 288 (base 13) in base 4?
13002
-4600 (base 13) to base 8
-23112
Convert 103241 (base 5) to base 6.
24311
What is 516 (base 9) in base 14?
220
Convert 33306 (base 7) to base 14.
30ad
Convert 10636 (base 10) to base 13.
4ac2
What is -11101111011001 (base 2) in base 9?
-23013
What is -279 (base 14) in base 6?
-2151
30 (base 14) to base 4
222
What is -1265 (base 8) in base 16?
-2b5
Convert ec6 (base 16) to base 3.
12012002
What is -131145 (base 6) in base 5?
-340240
What is 1644 (base 14) in base 10?
3980
1110110011 (base 2) to base 14
4b9
What is -14b9 (base 15) in base 11?
-3385
3015 (base 7) to base 8
2021
-a8 (base 13) to base 7
-255
What is 684 (base 12) in base 9?
1281
What is 1055 (base 7) in base 4?
11333
2656 (base 7) to base 12
711
-6467 (base 16) to base 2
-110010001100111
2201331 (base 4) to base 16
287d
Convert 25542 (base 6) to base 7.
14210
What is ac46 (base 13) in base 2?
101110111111000
What is 9666 (base 10) in base 7?
40116
Convert -1011001111011 (base 2) to base 9.
-7804
Convert 42414 (base 7) to base 2.
10100100000001
What is 416 (base 11) in base 4?
13311
539 (base 11) to base 3
212222
What is 434 (base 7) in base 6?
1005
13340 (base 5) to base 7
3123
Convert -598 (base 12) to base 9.
-1128
-1814 (base 12) to base 2
-101101010000
What is 597b (base 14) in base 5?
444333
Convert 1330 (base 8) to base 16.
2d8
Convert -112122 (base 3) to base 13.
-245
What is 654 (base 10) in base 12?
466
What is -1322 (base 7) in base 13?
-2cc
112c (base 13) to base 6
15044
-53530 (base 7) to base 4
-3033310
What is -222544 (base 6) in base 13?
-871c
-24225 (base 6) to base 4
-313121
Convert -12033 (base 4) to base 7.
-1110
-36752 (base 10) to base 13
-13961
Convert 1110102 (base 3) to base 9.
1412
-ae78 (base 16) to base 15
-d379
Convert 302103 (base 4) to base 6.
22523
What is -58e (base 16) in base 14?
-738
Convert 270 (base 12) to base 3.
111210
What is 1d09 (base 16) in base 2?
1110100001001
Convert 130301 (base 4) to base 3.
2112012
-126023 (base 8) to base 16
-ac13
What is 8430 (base 11) in base 15?
3495
-1101100101101010 (base 2) to base 8
-154552
4311434 (base 5) to base 9
120706
Convert 6240 (base 8) to base 2.
110010100000
Convert -1084 (base 13) to base 8.
-4401
What is -41766 (base 10) in base 5?
-2314031
-33426 (base 8) to base 7
-56054
Convert 112221 (base 3) to base 11.
337
11225 (base 7) to base 6
21125
489 (base 11) to base 8
1105
What is -10939 (base 12) in base 6?
-250113
-201012 (base 3) to base 4
-20012
Convert -23230 (base 6) to base 16.
-d02
308 (base 10) to base 8
464
12121 (base 4) to base 16
199
233 (base 10) to base 8
351
What is -11011110110101 (base 2) in base 6?
-150005
Convert -413 (base 9) to base 12.
-240
Convert 589 (base 10) to base 11.
496
What is -733 (base 15) in base 3?
-2020010
Convert -210223 (base 4) to base 2.
-100100101011
-3051 (base 8) to base 12
-ab5
-20658 (base 12) to base 4
-22112210
What is -4101 (base 6) in base 8?
-1605
Convert -51450 (base 6) to base 11.
-5186
Convert -649 (base 10) to base 11.
-540
-11223 (base 4) to base 9
-443
-3242 (base 6) to base 16
-2ea
Convert -768 (base 11) to base 6.
-4133
What is -439 (base 11) in base 6?
-2234
10111110000000 (base 2) to base 15
390a
What is -13160 (base 7) in base 16?
-dc1
Convert -1141 (base 6) to base 2.
-100010101
What is 272 (base 15) in base 10?
557
-5461 (base 9) to base 10
-4024
What is 450a (base 11) in base 10?
5939
-184b (base 15) to base 2
-1010001111110
-1c (base 13) to base 9
-27
Convert -15224 (base 8) to base 15.
-2039
Convert -3106 (base 8) to base 9.
-2174
What is 12100000 (base 4) in base 8?
62000
-53022 (base 6) to base 16
-1be6
Convert -10891 (base 11) to base 5.
-1000314
What is 721 (base 13) in base 8?
2272
What is c757 (base 13) in base 3?
1101212221
110100111000 (base 2) to base 8
6470
Convert 745 (base 14) to base 5.
21213
What is 1ae7 (base 15) in base 10?
5842
What is 1330221 (base 4) in base 6?
100533
Convert 8a (base 16) to base 15.
93
Convert -32 (base 15) to base 13.
-38
Convert 32432 (base 5) to base 16.
8c2
What is -417 (base 9) in base 15?
-17a
What is 100221020 (base 3) in base 11?
5494
814 (base 9) to base 8
1225
Convert 12 (base 13) to base 3.
120
What is 3123103 (base 4) in base 14?
5187
What is -100001011 (base 2) in base 3?
-100220
What is 19538 (base 10) in base 4?
10301102
What is 22412 (base 5) in base 16?
647
Convert -85 (base 10) to base 5.
-320
What is -214 (base 7) in base 8?
-155
What is 34646 (base 9) in base 12?
11473
-111100010110 (base 2) to base 11
-29a1
What is 616 (base 8) in base 10?
398
Convert 1755 (base 13) to base 4.
311322
What is 10234 (base 7) in base 13?
11c2
Convert 28b (base 12) to base 14.
203
Convert 27b9 (base 16) to base 10.
10169
Convert -141 (base 10) to base 2.
-10001101
-1a180 (base 12) to base 3
-1221110220
Convert -12624 (base 11) to base 5.
-1034210
-481 (base 12) to base 8
-1241
Convert 4 (base 15) to base 2.
100
-5b20 (base 16) to base 15
-6da3
-120201 (base 3) to base 13
-268
Convert 12323 (base 5) to base 16.
3c3
What is -10121100 (base 3) in base 2?
-101001000100
Convert 105311 (base 6) to base 5.
241341
Convert 166 (base 16) to base 5.
2413
What is -1026 (base 10) in base 14?
-534
Convert 211112 (base 5) to base 4.
1231320
Convert 10110000 (base 2) to base 14.
c8
1100011101010 (base 2) to base 12
3836
-993 (base 11) to base 10
-1191
Convert 2555 (base 7) to base 4.
33023
13b0 (base 16) to base 3
20220200
Convert 313 (base 6) to base 8.
165
4878 (base 10) to base 2
1001100001110
Convert 1035a (base 11) to base 16.
3add
What is -11332 (base 5) in base 7?
-2312
1021033 (base 5) to base 9
25308
What is 10002 (base 7) in base 9?
3260
Convert -131121 (base 4) to base 2.
-11101011001
2329 (base 11) to base 3
11012012
What is 1145 (base 10) in base 8?
2171
What is -19103 (base 10) in base 16?
-4a9f
What is -28a (base 14) in base 4?
-20002
Convert -145600 (base 7) to base 16.
-6f04
-22251 (base 8) to base 10
-9385
What is -245013 (base 7) in base 5?
-2414233
What is 2a64a (base 11) in base 16?
a96c
Convert -1528 (base 9) to base 3.
-1120222
Convert -2377 (base 16) to base 2.
-10001101110111
975 (base 11) to base 9
1541
3302 (base 6) to base 8
1366
17d (base 15) to base 3
110201
What is -46264 (base 7) in base 4?
-2320132
Convert c59 (base 15) to base 11.
2101
65c (base 16) to base 5
23003
Convert -1003304 (base 5) to base 13.
-741b
Convert -1031111 (base 4) to base 3.
-20210022
What is -11112 (base 3) in base 15?
-82
Convert 15305 (base 9) to base 15.
316e
What is -1c3a (base 13) in base 14?
-17b4
What is 1001010001011 (base 2) in base 4?
1022023
Convert 12842 (base 11) to base 14.
6965
Convert -3872 (base 9) to base 14.
-10b2
-111 (base 7) to base 13
-45
What is -1101000110000 (base 2) in base 4?
-1220300
Convert 64 (base 16) to base 2.
1100100
211121021 (base 3) to base 15
4d37
What is 21424 (base 5) in base 9?
2034
What is 103410 (base 5) in base 4?
320111
What is -1524 (base 12) in base 1